 t = -22 + 36. Let g(k) = -k**2 + 14*k + 2. Let w be g(t). Suppose -w*b + 336 - 38 = 0. List the prime factors of b.
149
Let p(o) = -o**2 + o + 367. Let w be p(0). Let v = 696 - w. What are the prime factors of v?
7, 47
Let d be (2 - 0)/((-987)/198 + 5). Let u = d - -161. What are the prime factors of u?
293
Let c(u) = u**3 + 9*u**2 - u - 4. Let j be c(-9). Suppose j*r + 145 = 3*m, 2*r + 24 = m - 35. What are the prime factors of (r/(-20))/(1/55)?
2, 11
Suppose 0 = 10*g - 1107 + 3267. Let v be 2/7 - g/28. Suppose 168 = v*h - 5*h. What are the prime factors of h?
2, 7
Let b be (-15 - -3) + 3 + 8. List the prime factors of (-31252)/(-24) + 6 - b/(-6).
2, 3, 109
Let n = 103 - 98. Suppose 0 = -n*k + 12*k - 2688. What are the prime factors of k?
2, 3
Let x = 3141 + -305. What are the prime factors of x?
2, 709
Suppose -5*n = -10, -106 = x - 5*n - 0*n. Let w = -93 - x. Suppose 0 = -0*k - w*k + 561. What are the prime factors of k?
11, 17
Suppose -l - 2 = 0, -8870 = -4*v + 6*l - l. List the prime factors of v.
5, 443
Suppose -8*f + 1070 + 60502 = -2*f. List the prime factors of f.
2, 7, 733
Let s be 2/((-8)/(-10)*(-20)/(-152)). Suppose 6*o + 7 = s. Suppose 2*i = -o*h + 246, -i + 0*i = 2*h - 243. What are the prime factors of h?
2, 3, 5
Suppose -2218*w + 2249*w = 1408609. What are the prime factors of w?
45439
Suppose 0 = -5*q - 3*o + 35099, 15*q = 22*q + 2*o - 49132. List the prime factors of q.
2, 11, 29
Let m be 1 + (0 + 3 + 0)*-2. Suppose 4*c - 7 = 3*t - 2*t, -2*t - 4*c + 10 = 0. What are the prime factors of ((-6)/10)/(t/m)?
3
Let r = 609 + -607. Suppose -r*w = -255 - 35. List the prime factors of w.
5, 29
Suppose i - 7395 = r + 3368, 4*i + r - 43027 = 0. What are the prime factors of i?
2, 3, 11, 163
Suppose 24085 = 5*k + 11*m - 16*m, -m = -4*k + 19283. What are the prime factors of k?
2, 2411
Let i be ((-1160)/24 - -8)/((-1)/24). Suppose -4*a = k - 133 - 1794, -4*k = -2*a + i. What are the prime factors of a?
2, 241
Suppose -2*r + 16752 = 3*m, m - 5*m - 4*r + 22336 = 0. What are the prime factors of m?
2, 349
Suppose 42*c = 46*c + 72. List the prime factors of (-6872)/c - (-6)/27.
2, 191
Let s = 201 + -197. Suppose 11*h - 9*h - 2*l = 1044, -5*h = s*l - 2592. What are the prime factors of h?
2, 5, 13
Suppose -79 = -4*s + y + 469, 0 = 3*s - 4*y - 398. Suppose 6*o - s = 36. Let l = o + -17. List the prime factors of l.
2, 3
Suppose 3*h = -5*q + 3770, -3772 = -3*h - 0*q - 4*q. Suppose 134 = -2*l + h. List the prime factors of l.
563
Suppose -4*s + 42 = 3*s. Suppose c = -c + s. Suppose 4*j - c*j - 22 = -2*i, -2*i + 6 = 0. What are the prime factors of j?
2
Suppose 0 = -3*p + p - 0*p. Suppose 5*o - 1157 - 333 = p. Suppose -2*k + o = -2*y + 4*y, -3*y = 5*k - 741. List the prime factors of k.
3, 7
Suppose l - 5*b - 107 = -0*l, l - 99 = 3*b. Let x(s) = -2*s**2 + 20*s - 87. Let v be x(6). Let w = v + l. List the prime factors of w.
2, 3
Let y = -3709 + 13183. List the prime factors of y.
2, 3, 1579
What are the prime factors of (4 - 8/20) + -4 - 341001/(-15)?
127, 179
Let i(c) = -c - 1. Let p(s) = 301*s - 15. Let o(f) = 6*i(f) - p(f). List the prime factors of o(-3).
2, 3, 5, 31
Let y be 6/9 - 1818/54. Let d(u) = -u**3 - 34*u**2 - 59*u + 42. List the prime factors of d(y).
2, 3, 5
Let h(y) = -56*y - 65. Suppose -2542 + 2470 = 6*c. List the prime factors of h(c).
607
Suppose -7*t = d - 8*t - 14842, d - 14830 = -2*t. List the prime factors of d.
2, 3, 2473
Suppose 4*h + 87945 = 5*c, c = -70*h + 69*h + 17589. What are the prime factors of c?
3, 11, 13, 41
What are the prime factors of (4364 - (-42)/(-6))/((-4)/(-12) - 0)?
3, 4357
Let j = -85 + 87. Suppose 4*i + 4*f = 418 + 770, -5*i + j*f = -1513. What are the prime factors of i?
7, 43
Let m = 42 + -40. Let y(g) = 8 + 17*g**m + 19*g + g + g + 0*g**3 - g**3. List the prime factors of y(18).
2, 31
Let r(t) = 338*t - 1817. List the prime factors of r(17).
3929
Suppose -3*i + 36586 = -b, 2*i - 561*b = -566*b + 24351. List the prime factors of i.
89, 137
Let j(w) = 24 + 15*w**2 - w - 9 - w**3 + 0*w. Let h be j(15). Suppose 2*v - 177 = 5*m, h = v + 5*m - 21 - 30. List the prime factors of v.
2, 19
Let g(w) = 3*w**3 + 22*w**2 - 23*w - 20. Let p(x) = -x**3 - x + 1. Let t(c) = -g(c) - 4*p(c). Let n be t(20). List the prime factors of n/(-4*(-4)/(-8)).
2, 61
Let a(k) = -3*k**2 - 19*k - 3. Let d be a(-6). Let h be (2 + -1)/1 - -1. Suppose -d*v - 2*x + 204 = -5*x, 3*x = h*v - 133. List the prime factors of v.
71
Suppose -77 - 13013 = -14*s. What are the prime factors of s?
5, 11, 17
Suppose 0 = -4*a + z - 4 - 16, 4*a = 4*z - 8. Let q be (3/a)/((-4)/16). Suppose q*l + 5*t - 62 = 0, l - 13 = 4*t + 5. What are the prime factors of l?
2, 13
Let b = -46 - -45. Let h = 73 + b. Suppose h + 44 = 2*z. What are the prime factors of z?
2, 29
Let m = 73834 + -7180. List the prime factors of m.
2, 3, 7, 23
Suppose z - 9355 - 8778 = -125. What are the prime factors of z?
2, 2251
Let y be (-48)/(-120) - 5274/(-15). Suppose 7*j = 18*j - y. List the prime factors of j.
2
Let w(z) = 6*z - 5. Let v be w(6). Let x = 19 - v. What are the prime factors of (2 - 0)*(-2)/x*291?
97
Let s(z) = 18*z**2 + 3*z + 74. What are the prime factors of s(-11)?
7, 317
Suppose 4*h = z + 3, -277*h + 4*z - 1 = -274*h. Let a be (-1)/(-2) - (-106)/4. Let n = a + h. What are the prime factors of n?
2, 7
Let q be (1009020/(-50))/(-3) + 2/10. Suppose -29*n + 36*n - q = 0. What are the prime factors of n?
31
Let x = 1925 - 1215. Let i = 390 + x. What are the prime factors of i?
2, 5, 11
Suppose -5*k - 15 + 0 = 0. Let z(r) = 21*r - 32. Let w(g) = 21*g - 33. Let u(h) = k*w(h) + 4*z(h). What are the prime factors of u(12)?
223
Let b = -37 - -41. Suppose -b*p + 54 = -1310. What are the prime factors of p?
11, 31
Let g = -57 + 37. Let v = 46 + g. Suppose v + 37 = z. What are the prime factors of z?
3, 7
Suppose -5*m - 132 + 32 = 0. Let k(r) = -2*r - 37. Let u be k(m). Let z(l) = 11*l. What are the prime factors of z(u)?
3, 11
Let j(k) = -20794*k - 94. What are the prime factors of j(-1)?
2, 3, 5, 23
Let i(z) = -2*z - 10. Let a be (-1)/((-22)/(-62)) - (-2)/(-11). Let s be i(a). List the prime factors of (-12)/(-7)*((-2142)/s)/9.
2, 3, 17
Suppose -94*f + 0*f = 20*f - 2405058. List the prime factors of f.
17, 73
Suppose -3297 = 5*j + 9563. Let v = 4396 + j. What are the prime factors of v?
2, 3, 19
Suppose -9*m + 8*m - 65752 = -9*m. What are the prime factors of m?
8219
Let v(k) = 19*k - 26. Let j be v(10). Let h = j - 9. List the prime factors of h.
5, 31
Let i = -153 - 10. Let g = i - -242. Suppose 5*j - 6 = g. What are the prime factors of j?
17
Let w = 6806 - 1182. List the prime factors of w.
2, 19, 37
Let t(i) = -i**2 - 10*i - 20. Let n be t(-6). Suppose n*x = 473 + 551. Suppose 0 = c - 5*c + x. List the prime factors of c.
2
Let v(p) = -2*p**2 + 27*p + 9. Let a be v(12). Suppose -3*o + 3*z = -a, 5*z + 14 = -1. List the prime factors of o.
2, 3
Let x = 14 + -15. Let q(l) = -245*l**3 + l**2 + 2*l + 2. Let s be q(x). Suppose 59 + s = 5*r. List the prime factors of r.
61
Let k(d) = d**3 + 13*d**2 + 30*d + 8. Let p be k(-9). Suppose 66*x - 716 = p*x. Let q = x - -30. What are the prime factors of q?
11, 19
Suppose -1 = -2*i - 9. Let z be (-80)/(-44) + i/(-22). Suppose 59 = 3*m + z*n, 3*m = -4*n + 23 + 32. What are the prime factors of m?
3, 7
Let a(k) be the first derivative of 9*k**3 - 3*k**2 + k - 16. What are the prime factors of a(-4)?
457
Suppose 14*a - 17*a + 4*i = -119355, -i + 159121 = 4*a. What are the prime factors of a?
7, 5683
Suppose 3*p = p + 4*s + 398, 0 = s - 6. List the prime factors of p.
211
Let j(q) = q**3 - 35*q - 88. Let b be j(-5). Let f = 264 + -129. Let y = f + b. What are the prime factors of y?
97
Let c(w) = w**3 + 14*w**2 + 22*w - 3. Suppose 5*i = -63 + 3. List the prime factors of c(i).
3, 7
Let q be ((-8)/18*3)/((-1)/3). Suppose -4*k + 4*f = -8, -f + 3*f = 4*k - q. Suppose 4 = -4*s, g - 2*s - 68 + 23 = k. What are the prime factors of g?
43
Let t = -1240 - -2240. Suppose 0 = 2*a + f - t, 0 = -a + 6*f - 5*f + 494. List the prime factors of a.
2, 3, 83
List the prime factors of 577/1*(-100 - -107).
7, 577
Let d = 25727 - 16235. What are the prime factors of d?
2, 3, 7, 113
Let c(p) = -339*p**2 + 33*p + 68. Let u be c(-2). Let x = -793 - u